 units digit of i?
3
Suppose 0 = -3*h + 12 + 9. Let z(n) = -10*n + 30. Let i(r) = 8*r - 31. Let j(y) = -4*i(y) - 5*z(y). What is the tens digit of j(h)?
0
Let y be 259 + (-10 + (-1 - -3) - -3). Let h = y - -356. What is the units digit of h?
0
Let j = 20 + -17. Suppose j*h - 3*x = -7*x + 960, 2*h + x - 635 = 0. What is the tens digit of h?
1
Let u(z) = 152*z**3 - 42*z**2 + 270*z + 8. What is the units digit of u(7)?
6
Suppose -816 = 12*g + 264. What is the thousands digit of (6/15)/((-9)/g)*340?
1
Let w(m) = m**2 + m + 2. Let x be w(-2). Let b = -4315 + 4315. Suppose b = -3*q, 12 + 72 = 3*y - x*q. What is the units digit of y?
8
Suppose 46*t - 42*t - 30448 = 4*q, 5*t + q = 38090. What is the tens digit of t?
1
Let x(u) = 2322*u + 10338. Let g be x(-4). Let k(i) = -3*i**2 - i - 1. Let v be k(-1). What is the units digit of 1/(v/g*-2)?
5
Suppose 57 - 181 = -2*j. Suppose -c = -12 - j. What is the units digit of c/12 - -4*(-3)/72?
6
Suppose 0 = 10*i - 32*i + 8888. What is the hundreds digit of (-707)/i + (-5247)/(-4)?
3
Suppose -29*v - 6*v + 396948 = -16*v. What is the units digit of v?
2
Suppose -92*c - 824 = -96*c. Suppose c*j + 780 = 207*j. What is the tens digit of j?
8
Suppose 5*w - 14618 = -3*k, 5*w - 19494 = 247*k - 251*k. What is the thousands digit of k?
4
Let u = 144415 + -98842. What is the units digit of u?
3
Let a = 9665 + 9074. What is the ten thousands digit of a?
1
Suppose 0 = -5*p - 92 - 23. Let k = p + 494. What is the units digit of k?
1
Let r be 1302 - (0 + (-1 - -4)). Let s = -601 + r. What is the hundreds digit of s?
6
Let a be (-7)/63*3 + (-86)/(-6). What is the hundreds digit of ((-380)/(-15))/(a/105)?
1
What is the thousands digit of 102150/(-24)*(-72)/54?
5
Let u(b) = 32*b**3 - 11*b**2 + 6*b - 7. What is the tens digit of u(4)?
8
Suppose -6*o + 1942 + 6920 = 0. Let r = o - 651. What is the tens digit of r?
2
Let a = -708 + 2645. What is the thousands digit of a?
1
Suppose -1538 + 2150 = a. What is the tens digit of a?
1
Let p = -25 - -33401. What is the tens digit of p?
7
Let a(i) be the third derivative of i**5/6 - 17*i**4/12 - 5*i**3/6 + 15*i**2. Let z be a(10). Suppose -7*u = -12*u + z. What is the hundreds digit of u?
1
Suppose -5*q - 2*p - p = 30, -3*p - 18 = 3*q. Let l be (484/(-8) + -1)/(q/(-8)). Let c = l - -210. What is the hundreds digit of c?
1
Suppose 2*n + 4*w = -1116, -4*n - w - 2762 = -558. Let r = 899 + n. What is the units digit of r?
9
Suppose -5*v + 0*l = 3*l + 1159, 448 = -2*v + 4*l. Let f = 429 - 568. Let d = f - v. What is the units digit of d?
1
Suppose 4 = -3*o + 4*o + 4*h, o = 4*h + 12. Suppose 0 = 9*d - 19 - o. What is the units digit of 1/(1/d) - -110?
3
Let z be (-34)/119 - (-279)/21. Let k(w) = w**3 - 3*w**2 - w + 1. Let y be k(2). Let c = z + y. What is the units digit of c?
8
Suppose -c - 6 = 2*a, -5*a = -c - 2*a + 14. Suppose -3 = c*s - 53. Let l = s + -19. What is the units digit of l?
6
Let c(q) = -2*q**3 - 3*q**2 + 3*q + 7. Let k be c(7). Let s = k + 1491. What is the hundreds digit of s?
6
Let q = -145 + 144. Let v(g) = -297*g**2 - 1. Let m be v(q). Let d = 558 + m. What is the tens digit of d?
6
Let z be (-1 - 3 - -6)*(-2 - -831). Let r(g) = -g**3 - g**2 + 5*g - 2. Let x be r(1). What is the units digit of x/(-4) + z/8?
7
Let d = -9902 + 13142. What is the tens digit of d?
4
Let s be (-35)/(-4)*(0 + 0 + 376). Suppose -2*x - s = -4*z, 0 = -62*x + 61*x + 3. What is the hundreds digit of z?
8
Let g(s) = 2*s**3 + 7*s**2 + 10*s - 63. Let k(r) = 4*r**3 + 13*r**2 + 21*r - 125. Let i(d) = -11*g(d) + 6*k(d). What is the units digit of i(4)?
1
Let t(l) = 4178*l - 2002. What is the thousands digit of t(7)?
7
Let k(f) = -3*f**3 - 13*f**2 - 29*f + 14. Let c(w) = w**3 + 2*w - 1. Let j(g) = -2*c(g) - k(g). What is the tens digit of j(-10)?
3
Let l(k) = -2*k**2 - 10*k - 4. Let b(i) = -i**3 + 6*i**2 + 6*i + 3. Let m be b(7). Let a be l(m). Suppose 3*q = a*q - 114. What is the units digit of q?
4
Suppose 0 = -6*h + 3*h + 12. Let m(j) = -j**2 + 1. Let w(y) = 2*y**2 + 37. Let b(s) = h*m(s) + w(s). What is the units digit of b(0)?
1
Let z(x) be the first derivative of -7*x**2/2 + 5*x - 1. Let t(j) = 57*j + 711. Let s be t(-13). What is the tens digit of z(s)?
1
Let h = -13 - -8. Let t(u) be the second derivative of -3*u**3/2 - 31*u**2/2 + 13*u + 27. What is the units digit of t(h)?
4
Suppose 5*l + 2*j + 798 = 0, -2*l = 11*j - 9*j + 324. Let r = 89 - l. What is the units digit of r?
7
Let h(r) = 207*r**2 + 31*r - 445. What is the units digit of h(14)?
1
Suppose -2*o = -5*u + 5375, 5*u - 6*o + 9*o = 5350. Suppose 5*i + u = 4503. What is the units digit of i?
6
Let w be 30/40*40/3. Suppose 0 = -4*m - m + w, 0 = -i + 4*m + 237. What is the units digit of i?
5
Let t(v) = -2*v**3 - 8*v**2 + 17*v + 21. Suppose -68*s + 67*s = 9. What is the units digit of t(s)?
8
Let b(v) = 12*v - 45. Let i(w) = -w**3 + 3*w**2 + 5*w + 8. Let a be i(4). What is the units digit of b(a)?
9
Suppose 61957 = 13*a - 420 - 12724. What is the units digit of a?
7
Let d(f) = 51*f - 301. Let y be d(6). Suppose -y*w + 2109 = h, -7*w + 5*w = 5*h - 839. What is the units digit of w?
2
What is the tens digit of (-1*(-68)/12)/((-3)/(-2817))?
2
Let j = 35266 - 23049. What is the tens digit of j?
1
Let q(a) = -a. Let m be q(-5). Suppose -m*t - k = -0*t - 1060, 3*k = 3*t - 654. What is the hundreds digit of t?
2
Let m(l) = -l**3 - 19*l**2 - 6*l + 35. Let d = -34 + 14. Let n be m(d). Suppose 15*b + n = 2460. What is the units digit of b?
7
Let p(g) be the third derivative of g**5/60 - g**4/6 + 7*g**3/6 + 3*g**2. Let f(d) = -d**2 - 9*d + 23. Let b be f(-10). What is the tens digit of p(b)?
2
Let d(h) = 93*h**2 + 239*h. What is the thousands digit of d(5)?
3
Let d be 40/100 - (-2 - (-6)/(-10)). Suppose -41*j = -37*j + d*f - 265, 3*j = -4*f + 204. What is the units digit of j?
4
Let a(l) = 175*l**2 - 98*l + 730. What is the thousands digit of a(8)?
1
Let z be (-10)/3*(-34)/(-5)*-69. Suppose 6*x - 1304 - z = 0. What is the tens digit of x?
7
Let b(i) = 5*i. Let u be b(-1). Suppose 5*z = -3*v + 113, -41 = -v - z - 4. What is the tens digit of 1*v/(-6)*u/3?
1
Let k = -16718 + 48326. What is the ten thousands digit of k?
3
Let o(n) = 10*n**2 - 1 - 16*n - n**3 + 1 + 0. Let j be o(9). What is the units digit of (-7322)/j + (-2)/9?
6
Let f(u) = 7*u**2 + 28*u + 21. Let h(y) = 4*y + 19. Let k be h(-3). Let c(r) = 4*r**2 + 14*r + 11. Let i(l) = k*c(l) - 3*f(l). What is the tens digit of i(-5)?
1
Let k = 34 - 36. Let z = 5 + k. What is the hundreds digit of (z + -5)/1 + 113?
1
Suppose 3*y + 1 = -5*w - 1, y = -w. Suppose -a = 5*v - 42, 3*v + y = 10. Suppose -n + 154 - a = 0. What is the tens digit of n?
2
Suppose 0 = -3*g + 5*d + 94370, -125812 = -5976*g + 5972*g + 3*d. What is the tens digit of g?
5
Let n = 33026 - 23241. What is the units digit of n?
5
Suppose -f + 2*k = 107 - 7419, -f + 7277 = 5*k. What is the thousands digit of f?
7
Suppose -21*l + 13131 = -3667 + 943. What is the hundreds digit of l?
7
Let n(h) = 20345*h**2 - 4*h - 9. What is the units digit of n(-1)?
0
Suppose 4*d - 14*b + 9*b - 21 = 0, 2*b - 2 = -d. Suppose -3*j = 4*a - 2352, -14*j = -d*a - 13*j + 2352. What is the tens digit of a?
8
Suppose 6 = 2*s + 3*w, s - 3*w = -2 + 5. Suppose s = j, 0 = 91*c - 88*c + 2*j - 852. What is the tens digit of c?
8
Suppose -108 = 92*f - 90*f. Let x be 116/6*f/(-36). Let p = x - -20. What is the units digit of p?
9
Suppose 4*o - 4*k - 28 = 0, 3*k + 3 = 18. Let h be (2/8)/(1/o). What is the tens digit of ((-110)/(-1))/(12/h - 3)?
1
Let c(m) = 7325*m + 7362. What is the ten thousands digit of c(10)?
8
Suppose 0*o + 10*o = 9100. Suppose 3716 = 914*y - o*y. What is the units digit of y?
9
What is the hundreds digit of ((-154984)/(-10))/(6004/(-190) - -32)?
7
Let a = -67 + 79. Suppose -13*q + 15*q - a = 0. Suppose q*d = -0*d + 984. What is the tens digit of d?
6
Suppose 82 + 96 = -b. Let d = 245 - b. What is the units digit of d?
3
Let y = 623 + -620. Suppose y*p = 30*x - 33*x + 837, -5*p + 3*x = -1379. What is the tens digit of p?
7
Suppose 356669 = 23*h + 20892. What is the units digit of h?
9
Suppose b + 94 = 1046. Let p be 1570/((-4)/(-3) - 10/30). Suppose p = 13*n - b. What is the tens digit of n?
9
Suppose -2*x = -i - 1076, 2*i - 3*i - 4 = 0. Suppose 4*g 